ose -1188 = -x + 3*l, -15*x + v*x = -4*l - 3584. List the prime factors of x.
2, 3, 5
Suppose 0 = 47*v - 19*v - 6552. Suppose -2*o + 6*o = 628. Let a = v - o. List the prime factors of a.
7, 11
Let f(q) = -13 + 3*q + 0*q - 1 + 4*q. Suppose 4*g + 40 = m + 16, 0 = -m - 3*g - 4. What are the prime factors of f(m)?
2, 3, 7
Let h = -3550 - -11757. What are the prime factors of h?
29, 283
Let s(y) be the third derivative of -29*y**2 + 0*y + 3/2*y**3 - 113/24*y**4 + 0. What are the prime factors of s(-2)?
5, 47
Suppose -2*u + 523 = o - 862, -5*u + 3463 = 3*o. List the prime factors of u.
2, 173
Suppose -5*p = -11*p + 48. Let f = p - -199. List the prime factors of f.
3, 23
Let y(u) = -3*u**3 - 9*u**2 - 13*u + 6. Suppose -8*n = -16*n + 552. Let h = n - 74. List the prime factors of y(h).
13, 17
Let m(r) = 27*r - 113. Let k be m(11). What are the prime factors of 1 - (3 - k)/((-4)/(-8))?
3, 11
Suppose -h + l = -1048, 11*l - 7*l + 2096 = 2*h. Let p = h - 633. List the prime factors of p.
5, 83
Let k(i) be the second derivative of 37*i**4/12 - 7*i**3/6 + 5*i**2 - 662*i. Suppose 2*n - 1 - 3 = 0. List the prime factors of k(n).
2, 3
Let b = 64 - 61. Let k = -16 + 19. Suppose k*y - t - 324 = 0, 0 = -b*t + 5 + 4. List the prime factors of y.
109
Suppose -3*q + 7*v - 12*v = -3385, -5*q = -2*v - 5652. What are the prime factors of (q/(-70) + -7)*-84?
2, 3
List the prime factors of -2 + (-2)/(1*12/(-70974)) + 2.
3, 3943
Let f(h) = -4*h + 139. Let i be f(32). Let r = 362 - i. What are the prime factors of r?
3, 13
Let s = 6078 + -1343. What are the prime factors of s?
5, 947
Let b(c) = 9*c**3 + 16*c**2 - 177*c - 47. What are the prime factors of b(10)?
8783
Suppose -430*i + 40932 = 4*g - 426*i, -3*g + 30663 = -3*i. What are the prime factors of g?
3, 7, 487
Let h be 1*(-63)/(-6)*-2. Let g(l) = l**3 + 39*l**2 + 41*l + 91. Let d be g(-38). Let k = h - d. What are the prime factors of k?
2
Let f(k) = 2*k**2 - 17*k + 1. Let a be f(7). Let y = 121 + a. List the prime factors of y.
101
Suppose 34*x = 22226 + 26394. List the prime factors of x.
2, 5, 11, 13
Let s be 33/(1/648*6). Suppose 19*r = -3*r + s. List the prime factors of r.
2, 3
Let j(z) = -3*z**2 + 254*z + 125. List the prime factors of j(64).
4093
Let t(x) = -3*x + 4*x - 17 + 6 - x**3 + 7. Let b be t(-2). Suppose -205 = c - 3*c - 5*a, 2*c + b*a - 214 = 0. List the prime factors of c.
2, 5, 11
Suppose 2*f = -4*q + 6752, -3*q - 509 + 5591 = -3*f. List the prime factors of q.
2, 5, 13
Let y(k) = -283*k**3 - 3*k**2 - 56*k - 179. List the prime factors of y(-3).
7603
Suppose -2*d = 2*a - 22070, 0 = 34*a - 32*a - d - 22064. What are the prime factors of a?
11, 17, 59
Let w(b) = 1117*b - 2253. List the prime factors of w(12).
3, 7, 59
Let z be ((-2)/3 - -1)*165/11. Let g = 10 + z. List the prime factors of (-2)/3 - (-640)/g.
2, 3, 7
Let m = 33 + -134. Let z(k) = -k**2 + 9*k - 18. Let i be z(-9). Let u = m - i. What are the prime factors of u?
79
Let m = -46 + 60. Let i be (-17 - -10)*(-428)/m. Let a = -21 + i. What are the prime factors of a?
193
Suppose 25*o - 28*o - 3*p = -44406, -14822 = -o + 4*p. List the prime factors of o.
2, 11, 673
What are the prime factors of (-2)/9 + 22 + (-4435872)/(-189)?
2, 7, 839
Let t be 2/9 + ((-172)/36)/(-1). Suppose -7*v = t*v - 24. Suppose -b - 437 = -5*d, 255 = d + v*d - 3*b. What are the prime factors of d?
2, 11
Let t be (-663)/(-204) + 2/(-8). Suppose t*j - 4*m - 877 = -2*m, -5*j + 2*m + 1455 = 0. List the prime factors of j.
17
Suppose 0 = -21*n + 24*n - 3*g - 30, 2*g - 6 = 0. Suppose 0 = -n*t + 19*t - 1074. What are the prime factors of t?
179
Let d(j) = 4*j**2 + 7*j - 10*j - 7 + 42. List the prime factors of d(-8).
3, 5, 7
Suppose -28*b + 31*b - 5*k = 3225, 4*b + 4*k - 4332 = 0. What are the prime factors of b?
2, 3, 5
Suppose -3 = 5*i - 13. Suppose 4*t - 44*t + 80 = 0. Suppose -i*u + 86 = 4*d, -t*u = -d - 59 - 12. What are the prime factors of u?
37
What are the prime factors of (8/(-12))/((-2)/2589)?
863
What are the prime factors of 926/(-8)*(5*(-4228)/70 + 6)?
2, 37, 463
Let o(l) = -13*l - 91. Let p be o(-8). Suppose -p*w + 555 = -1200. What are the prime factors of w?
3, 5
Let g(l) = -l**2 + l. Let h(f) = 80*f**2 - 8*f + 2. Let n(x) = 4*g(x) + h(x). Let b = 2 + -1. List the prime factors of n(b).
2, 37
Suppose 2*r + 10 = -4*l, -4*l - 5 = 4*r + 3. Let j(g) = 237*g**3 - g**2 - g + 1. List the prime factors of j(r).
2, 59
Suppose 10*i = 17*i - 28. Let v be 4572/6 + 8/i. Suppose -5*q - 31 - v = -5*r, -2*r + 324 = q. List the prime factors of r.
7, 23
Suppose -5*v + 91 = 61. Let r(k) = 3*k**2 + 19*k - 31. List the prime factors of r(v).
191
Suppose -5*i + 18 + 12 = 0. Suppose 3*p - i = -0*p. Suppose 3*u = -p*u + 135. What are the prime factors of u?
3
Let s = 1232 - 360. Suppose -15*o + 643 = -s. Suppose -3*m - o = -4*m - 5*z, -2 = 2*z. List the prime factors of m.
2, 53
Suppose 5*k - 3046 = -b, 5*b + 467*k - 468*k = 15360. What are the prime factors of b?
37, 83
Let r(c) be the first derivative of -c**3/3 - 57*c**2/2 + 66*c + 158. What are the prime factors of r(-54)?
2, 3, 19
Suppose 0 = 3*q + b - 75981, 37*b - 36*b - 50652 = -2*q. What are the prime factors of q?
3, 8443
Let q = 2859 - 1421. List the prime factors of q.
2, 719
Let h(g) = 171*g**3 - 3*g**2 + 9. Let c be h(4). Suppose c = 19*k + 3647. What are the prime factors of k?
2, 191
Let u = 3456 - 3226. What are the prime factors of u?
2, 5, 23
Suppose -78 = 3*z + 2*q, 3*z + 4*q - 8*q + 60 = 0. Let v(p) = -26*p + 99. What are the prime factors of v(z)?
3, 241
Suppose -21*m - 554778 = -36*m - 3*m. What are the prime factors of m?
7, 17, 37
Suppose 23*h = 533 + 19. What are the prime factors of (12/10 + 0)/(h/240)?
2, 3
Let p(v) = 2*v**2 - 7*v - 17. Let n be p(-4). Let o = n - 41. What are the prime factors of -1*(62*(-1)/o)/1?
31
Let w = 0 + 2. Suppose -3*o + 0*o + 2 = -w*r, 4*r - 12 = 2*o. Suppose b + 3 - r = 0. List the prime factors of b.
2
Let a = -15 + 10. Let d(g) = -5*g**2 + 123*g - 284*g - 8 - g**3 + 147*g. List the prime factors of d(a).
2, 31
Suppose 5*z - 25 = 0, 4*z = m + 2*m - 208. Suppose 81*y - 35 = m*y. List the prime factors of 20/y*539/14.
2, 5, 11
Let l = 42 + -43. Let j be (l + 153)*(-45)/(-36). List the prime factors of j + 0 + (-5 - 0).
5, 37
Let x(h) = -h + 16. Let c be x(14). Suppose c*f + f - 6 = 0. Suppose -5*m - f*d + 467 = 0, -460 = -6*m + m + 5*d. List the prime factors of m.
3, 31
Let o(n) = -105*n + 19. Let g be o(3). What are the prime factors of (g/6 + -5)*(-3 - 0)?
163
Let a be 4 + 0*1/(-2)*1. Suppose -3*m = 2 - 14, a*p - m - 4 = 0. What are the prime factors of p/(-3) - 518/(-3)?
2, 43
Let g(o) = -2909*o - 765. List the prime factors of g(-5).
2, 5, 13, 53
Let l(f) = 10*f**2 + 73*f + 1107. What are the prime factors of l(-21)?
2, 3, 83
Let a(x) = x**3 + 24*x**2 + 16*x + 170. Suppose 186 = -11*t + 65. What are the prime factors of a(t)?
1567
Let g = -4328 + 6405. List the prime factors of g.
31, 67
Suppose 5*d + 15 = 5*j, 7*d = 3*d. List the prime factors of (42/9 - j)/((-2)/(-1110)).
5, 37
Let w be (1 + (-7 - -8))/(2*-1). Let a(c) = 259*c + 5. Let y be a(w). Let u = 364 + y. List the prime factors of u.
2, 5, 11
Let p = -22 + 52. Suppose 3*i + g - 110 = 0, i = -4*g + p - 8. Suppose 0 = 3*r - 3*s - 231, -3*r - 5*s + 229 = i. List the prime factors of r.
2, 3
Suppose 166*r - 164*r = 54. Suppose -3*a = -2*p + r, -p = 5*a - a - 41. What are the prime factors of p?
3, 7
Let n = 71 - 69. Suppose o + 5*a = n*a + 43, 2*a + 266 = 5*o. Suppose o = 7*v + 3. List the prime factors of v.
7
Let r = 10 + -7. Suppose 49 = 3*v - r*k - 44, -v + 35 = 3*k. Suppose 5*n + v = 6*n. List the prime factors of n.
2
Let k(f) = 3*f + 18. Let b be k(-8). Let x be 12*b*(-4)/(-3). Let r = -35 - x. What are the prime factors of r?
61
List the prime factors of ((-42)/(-20) - (-8)/20)*(-164210)/(-25).
16421
Suppose -42*p = -47*p - 5, -3*y + p + 15235 = 0. What are the prime factors of y?
2, 2539
Suppose 4*n = -4*b + 6680, 2*b + 494 = n - 1188. Suppose 3*u + h - 550 = 2*u, 3*u = 3*h + n. Suppose -6*i - 158 = -u. List the prime factors of i.
2, 3, 11
Let z(j) be the first derivative of j**4/4 - 5*j**3 - 15*j**2/2 + 17*j + 24. What are the prime factors of z(16)?
3, 11
Suppose b + 70 = 74. Suppose b*i + 93 = 38